**2 + 8*w**3 + 1. What is x(-3)?
1
Suppose -i = 2*i + 9. Let x(q) = q**3 + 3*q**2 + q + 4. Let n be x(i). Let a(v) = v. Let r(p) = p - 1. Let d(m) = 6*a(m) - r(m). Give d(n).
6
Let y(q) = -2*q**3 - 3*q**2. Suppose -8*x = 2*x + 20. Give y(x).
4
Let f(a) be the second derivative of a**3/6 + 5*a**2/2 + 4*a. Let q be 13/5 + (-4)/(-10). Let t = q - 3. Determine f(t).
5
Let j(w) = -w**3 - w**2 - w. Let z(n) = -6*n**3 - 4*n**2 - 4*n - 7. Let c(v) = -5*j(v) + z(v). What is c(0)?
-7
Let p(s) = -s**3 + 7 + 2 + 2*s**2 + 3*s - 3*s**2 - 6*s**2. Determine p(-7).
-12
Let c(v) = v**3 - 3*v**2 - 5*v - 2. Let x be c(4). Let w(p) = p. Let u(s) = -7*s - 3. Let l(d) = x*w(d) - u(d). Determine l(-3).
0
Let t = 9 - 7. Suppose g + g = t. Let q(p) = p - 1. Give q(g).
0
Let u(k) = -2*k. Let v(p) = -p - 6. Suppose -15 = n - 4*n. Let a(o) = o + 7. Let f(x) = n*a(x) + 6*v(x). Let s(q) = -3*f(q) + 2*u(q). Calculate s(0).
3
Let k(h) = -4*h**3 - 3*h**2 + 2*h - 3*h + 2*h**3 - 2 + 0*h**2. What is k(-2)?
4
Let d(b) be the first derivative of 5/3*b**3 - 1/4*b**4 + 3*b - 8 + 7/2*b**2. What is d(6)?
9
Let r = 12 + -17. Let k(w) = -w**3 - 5*w**2 - w + 7. Calculate k(r).
12
Let l(d) = d**2 + 3*d + 3. Let q = -10 + 3. Let i = -10 - q. Give l(i).
3
Let g(y) = 6*y**2 - 6 - 2*y + 5*y + 5 - 5*y**2. What is g(2)?
9
Suppose -4*w = 5*q - 0*q - 38, q - 5*w + 4 = 0. Let f = -2 + 4. Let g(a) = -a**2 - 4*a - 11 + 2*a**f + 5. What is g(q)?
6
Let s(l) be the second derivative of l**4/12 + 5*l**3/6 - l**2/2 - 22*l. Calculate s(-5).
-1
Let v(o) = o**3 - 7*o**2 + o - 4. Suppose 9*a - 2*a = 49. Determine v(a).
3
Suppose h + h = 0. Let p = h + -4. Let v(q) = -q**2 - 4*q + 2. What is v(p)?
2
Let w(t) = -2 + 3 + 2*t + 4. Let u(n) = 7*n + 6. Let m be u(-3). Let z = m + 10. Calculate w(z).
-5
Let d(l) = l**2 + 4*l - 3. Let m be d(-5). Let g(b) = 2*b**3 - b**2 + 2*b - 1. Calculate g(m).
15
Let y(b) be the first derivative of b**4/4 - 4*b**3/3 + b**2 + 4*b - 17. Determine y(3).
1
Let b = 4 + -3. Let u be (-1 + 3)*b*2. Let m(x) = 3*x**2 - 2*x**2 + u + 6*x + 0*x**2. Calculate m(-4).
-4
Let t(w) = w**3 - 3 - w**2 + w + 2 + 0*w + 4*w**2. Determine t(-2).
1
Let r(j) = j**2 + 4*j + 3. Suppose 4*t = -t - 15. Let v be r(t). Let y(n) = n + v*n + n - 3*n. Calculate y(1).
-1
Let x(r) be the third derivative of -r**6/120 + r**5/12 + r**4/12 - 2*r**3/3 + 19*r**2. Calculate x(5).
6
Let t(z) = -z - 2. Let r be t(-7). Suppose q = r*q. Let l(j) be the third derivative of -j**4/24 - 3*j**3/2 + j**2. What is l(q)?
-9
Let b(n) = -n**3 - 4*n**2 + 2*n. Let j = 19 - 3. Suppose -4*r + 0 = j. Give b(r).
-8
Let v(l) be the first derivative of 1/2*l**2 + 5 - l. Calculate v(3).
2
Let b be (3/(-6))/((-2)/4). Let z(h) = -20*h**2 + 2*h - 1. Determine z(b).
-19
Let s(b) = -b**3 + 2*b**2 - b. Let d be s(2). Let v(y) be the first derivative of -3/2*y**2 + 2 + 0*y. What is v(d)?
6
Let i = 15 - 9. Let g(s) = s**2 - 7*s - 4. Calculate g(i).
-10
Let t be -1 + 6/4*2. Let l be t/(6/4 - 1). Let s(b) be the third derivative of b**6/120 - b**5/12 + 5*b**4/24 - b**3 + 2*b**2. What is s(l)?
-2
Suppose -q + 6*q = 25. Let i = 7 - q. Let o(b) = 4*b**2 + 3 - 5*b + 0*b - 5*b**i. Calculate o(-3).
9
Let r(w) = -w**3 - 4*w**2 - 3*w. Suppose 2*q + 5*b - 3*b - 6 = 0, 7 = 2*q + b. Suppose q*o - 7*o = 0. Suppose -2*u - 6 = -o*u. What is r(u)?
0
Suppose -5*z = -5*n + 25, -2*n = -z - 8 + 1. Let y(t) = 6*t**2 + 6*t**2 - 1 - n*t - 4*t**2. What is y(-1)?
9
Suppose v - 1 = 1. Let a(o) be the second derivative of o**3/3 - o**2/2 + 41*o. Give a(v).
3
Let r(p) = 8*p + p**2 - 11*p + 7 - 6*p. Give r(7).
-7
Let c be (-21)/(-7)*4/(-6). Let i(m) = m + 4. Let f be i(c). Let p(y) = -1 - 2*y**2 + 4*y**2 + 0 - 2*y + 0. What is p(f)?
3
Let f(n) = n. Let w(q) = q**2 - 24*q - 53. Let y be w(26). Calculate f(y).
-1
Let k be 12/8 - (-2)/(-4). Let u(s) = 0 + 0*s - k + 4*s. Suppose -4*i + 9 - 1 = 0. Calculate u(i).
7
Let h = 13 + -7. Suppose h = -0*i + 3*i. Let n(p) = -p + 1. Determine n(i).
-1
Let h(m) = -m**3 + 5*m**2 - 4*m - 5. Let t be ((-6)/4 - -1)*-4. Suppose -x - 2*x + 18 = 0. Suppose x = z + t. Determine h(z).
-5
Let q(m) = m**2 - m + 1. Let h(a) = -4*a**3 - 7*a**2 + 6*a - 6. Let v(j) = h(j) + 6*q(j). Determine v(1).
-5
Suppose 0 = 8*a - 10*a + 4. Let f(b) = b**3 - 4*b**2 + b. Calculate f(a).
-6
Let c(u) = -5*u**2 + 2*u + 7. Let i(n) = -2*n**2 + n + 4. Let m be (-7 + 1)*1/(-2). Let x(y) = m*c(y) - 5*i(y). What is x(-1)?
-5
Suppose 0 = -3*p - u - 2*u, -4*u + 20 = -p. Let t = p - -6. Let a(r) = 4 - r - 7*r**3 - t*r**2 - 4. Determine a(-1).
6
Let u(h) = -9*h + 1. Let o(n) = -n. Let c(d) = 6*o(d) - u(d). Let a be c(2). Let s(k) = -k**2 + 8*k - 6. What is s(a)?
9
Let v(a) be the first derivative of -a**5/60 + a**4/8 - a**3/6 - 3*a**2/2 + 2. Let g(b) be the second derivative of v(b). Calculate g(1).
1
Let d(f) = -f - 1. Let z be d(2). Let m(s) = -10*s - 4. Let x(k) = 1 - 4*k - 2 + 2*k. Let p(a) = -2*m(a) + 11*x(a). Give p(z).
3
Let h(m) = 9*m**2 - 3*m + 3. Let p be 9/(-6)*-2 + -10. Let y(i) = 4*i**2 - i + 1. Let u(s) = p*y(s) + 3*h(s). Give u(2).
-6
Let b(m) = 5*m**3 + 2*m**2 - 1. Let o(p) = -10*p + 1. Let j be o(1). Let c be (-6)/j - (-5)/(-3). Give b(c).
-4
Let a(p) = 2*p + 1. Suppose -5*w - 1 - 9 = 0. Let n be a(w). Let y(j) be the second derivative of -j**3/6 - 2*j**2 + j. Calculate y(n).
-1
Let i(c) = c**3 + 4*c**2 - c + 5. Let s be i(-4). Let o be (-8)/(-36) - (-7)/s. Let g be (o/2 + -1)*-4. Let k(q) = -2*q**3 + 3*q**2 - q. Give k(g).
-6
Let j(x) = -x**3 + 6*x**2 - x - 4. Let q(b) = b**2 + 7*b + 6. Let a be q(-7). Determine j(a).
-10
Let f = -6 + 8. Let i(b) = 4*b - 3. Let h be i(f). Let s(m) = 6*m + 9. Let t(y) = 7*y + 10. Let x(a) = -6*s(a) + 5*t(a). What is x(h)?
-9
Let r(t) = -4*t + t + 15 - t + 3*t. Give r(11).
4
Let g = 8 + -3. Suppose 11 + 19 = g*w. Let y(h) = -h**3 + 7*h**2 - 8*h + 7. Calculate y(w).
-5
Let y(b) = b**2 + 1. Suppose -4*u = -4*j + u + 35, j = -3*u - 4. Let v = j + 0. Suppose 0 = 2*q, -v*q + 3 + 1 = 2*r. Determine y(r).
5
Let w(r) = -7*r**3 + 32*r**2 - 15*r + 19. Let v(a) = 3*a**3 - 15*a**2 + 8*a - 9. Let z(l) = -5*v(l) - 2*w(l). What is z(10)?
7
Let y(v) = -v**3 - 3*v**2 + 6*v - 2. Let f(n) = -1. Let b = 11 - 16. Let s(j) = b*f(j) + y(j). What is s(-4)?
-5
Let l(r) be the third derivative of -r**6/120 - r**5/10 + r**3/6 - 9*r**2. Let v be l(-6). Let z(u) = 9*u - 1. Determine z(v).
8
Suppose 3*l - 10 = l. Let u = -2 + l. Let v(a) = -4*a + 0 + 2 + u*a. Determine v(-5).
7
Let a = -9 + 18. Let l(b) = 4 - 3 - 4*b**2 - a*b**2. What is l(-1)?
-12
Let l(m) = -m**3 + 4*m**2 + 5*m - 2. Let o = -13 + 13. Suppose -2*p - p + 2*c + 23 = o, -2*c = -5*p + 33. Determine l(p).
-2
Let l(g) = g + 12. Let a = 10 + -11. Let c(y) = -2*y**3 - y**2 - 2*y - 1. Let s be c(a). Suppose 0*r - 12 = s*r. Calculate l(r).
6
Let y(x) = 6*x + 4. Suppose 4*o = 9*o + 3*v + 3, 0 = o - v + 7. Determine y(o).
-14
Let j(b) be the second derivative of -b**5/20 + b**3/6 - b**2 - 5*b. Calculate j(-2).
4
Let x(m) = 3*m**2 - 5*m + 6. Let t(w) = -w**2 + w - 1. Let g(f) = -4*t(f) - x(f). What is g(3)?
10
Let t(b) = 3*b - 1. Let h(p) = 5*p - 2. Let q(o) = 2*h(o) - 5*t(o). Let z be -1 + 1 - (-4)/(-2). Let u = z - -1. Give q(u).
6
Let h(p) = -p + 7. Suppose -3*x - 4 = -4*x. Let i be ((-6)/x)/((-1)/(-4)). Calculate h(i).
13
Let w(l) be the second derivative of -l**4/12 + l**3/6 + 3*l**2/2 + 11*l. Calculate w(0).
3
Suppose -12 = 2*x - 4*x + 2*z, 0 = 5*x + z - 42. Let u(q) = -q**3 + 9*q**2 - 9*q + 8. What is u(x)?
0
Let z(a) = 2*a**2. Suppose -6 = 5*p + h, p - 12 = -3*p - 5*h. Let b = -11 + 15. Let d be -1 + b*(-1)/p. What is z(d)?
2
Let m(l) = l - 1. Let i(b) = -2*b**3 - 3*b**2 + 2*b - 3. Let r(y) = i(y) - 4*m(y). Give r(-2).
9
Let s(x) = x - 2. Let d(i) = -3*i + 5. Let v(h) = -6*d(h) - 17*s(h). Determine v(-6).
-2
Let g be 3*(-36)/(-16) + 4/16. Let y(l) = l - 8. Calculate y(g).
-1
Let g(f) be the first derivative of 3*f**2/2 + 2*f - 13. What is g(-2)?
-4
Let w(y) = y - 3. Let o(f) = f - 1. Let g be o(6). Let z be w(g). Let n(t) be the third derivative of -t**5/60 - t**4/24 + 6*t**2. Give n(z).
-6
Let i(l) = -3*l**2 - 4 + 6*l + 7*l**2 - 5*l**2. Let v be i(4). Let q(t) = -t + 4. Determine q(v).
0
Let y = 8 + -3. Suppose -2*b + y = 15. Let z(f) = f**2 + 4*f + 1. What is z(b)?
6
Let m(x) = 0 - 1 + 2 + 5*x. W